Last updated on 2025-02-20 04:51:09 CET.
Flavor | Version | Tinstall | Tcheck | Ttotal | Status | Flags |
---|---|---|---|---|---|---|
r-devel-linux-x86_64-debian-clang | 0.2-8 | 4.43 | 44.61 | 49.04 | OK | |
r-devel-linux-x86_64-debian-gcc | 0.2-8 | 3.86 | 32.70 | 36.56 | OK | |
r-devel-linux-x86_64-fedora-clang | 0.2-8 | 78.60 | OK | |||
r-devel-linux-x86_64-fedora-gcc | 0.2-8 | 88.86 | OK | |||
r-devel-macos-arm64 | 0.2-8 | 37.00 | OK | |||
r-devel-macos-x86_64 | 0.2-8 | 62.00 | OK | |||
r-devel-windows-x86_64 | 0.2-8 | 7.00 | 75.00 | 82.00 | OK | |
r-patched-linux-x86_64 | 0.2-8 | 4.05 | 42.14 | 46.19 | NOTE | |
r-release-linux-x86_64 | 0.2-8 | 4.29 | 42.22 | 46.51 | NOTE | |
r-release-macos-arm64 | 0.2-8 | 30.00 | NOTE | |||
r-release-macos-x86_64 | 0.2-8 | 50.00 | NOTE | |||
r-release-windows-x86_64 | 0.2-8 | 5.00 | 72.00 | 77.00 | NOTE | |
r-oldrel-macos-arm64 | 0.2-8 | 32.00 | NOTE | |||
r-oldrel-macos-x86_64 | 0.2-8 | 48.00 | NOTE | |||
r-oldrel-windows-x86_64 | 0.2-8 | 7.00 | 67.00 | 74.00 | NOTE |
Version: 0.2-8
Check: LazyData
Result: NOTE
'LazyData' is specified without a 'data' directory
Flavors: r-patched-linux-x86_64, r-release-linux-x86_64, r-release-macos-arm64, r-release-macos-x86_64, r-release-windows-x86_64, r-oldrel-macos-arm64, r-oldrel-macos-x86_64, r-oldrel-windows-x86_64