Last updated on 2025-02-20 04:51:09 CET.
Flavor | Version | Tinstall | Tcheck | Ttotal | Status | Flags |
---|---|---|---|---|---|---|
r-devel-linux-x86_64-debian-clang | 1.2-2.1 | 6.71 | 54.58 | 61.29 | OK | |
r-devel-linux-x86_64-debian-gcc | 1.2-2.1 | 4.68 | 41.13 | 45.81 | OK | |
r-devel-linux-x86_64-fedora-clang | 1.2-2.1 | 98.46 | OK | |||
r-devel-linux-x86_64-fedora-gcc | 1.2-2.1 | 91.93 | OK | |||
r-devel-macos-arm64 | 1.2-2.1 | 31.00 | OK | |||
r-devel-macos-x86_64 | 1.2-2.1 | 54.00 | OK | |||
r-devel-windows-x86_64 | 1.2-2.1 | 7.00 | 69.00 | 76.00 | OK | |
r-patched-linux-x86_64 | 1.2-2.1 | 6.56 | 51.33 | 57.89 | NOTE | |
r-release-linux-x86_64 | 1.2-2.1 | 6.44 | 51.10 | 57.54 | NOTE | |
r-release-macos-arm64 | 1.2-2.1 | 31.00 | NOTE | |||
r-release-macos-x86_64 | 1.2-2.1 | 45.00 | NOTE | |||
r-release-windows-x86_64 | 1.2-2.1 | 7.00 | 67.00 | 74.00 | NOTE | |
r-oldrel-macos-arm64 | 1.2-2.1 | 34.00 | NOTE | |||
r-oldrel-macos-x86_64 | 1.2-2.1 | 51.00 | NOTE | |||
r-oldrel-windows-x86_64 | 1.2-2.1 | 9.00 | 96.00 | 105.00 | NOTE |
Version: 1.2-2.1
Check: LazyData
Result: NOTE
'LazyData' is specified without a 'data' directory
Flavors: r-patched-linux-x86_64, r-release-linux-x86_64, r-release-macos-arm64, r-release-macos-x86_64, r-release-windows-x86_64, r-oldrel-macos-arm64, r-oldrel-macos-x86_64, r-oldrel-windows-x86_64