Last updated on 2025-02-20 04:51:07 CET.
Flavor | Version | Tinstall | Tcheck | Ttotal | Status | Flags |
---|---|---|---|---|---|---|
r-devel-linux-x86_64-debian-clang | 0.1.2 | 18.46 | 60.52 | 78.98 | OK | |
r-devel-linux-x86_64-debian-gcc | 0.1.2 | 13.24 | 45.41 | 58.65 | OK | |
r-devel-linux-x86_64-fedora-clang | 0.1.2 | 126.33 | OK | |||
r-devel-linux-x86_64-fedora-gcc | 0.1.2 | 126.10 | OK | |||
r-devel-macos-arm64 | 0.1.2 | 37.00 | OK | |||
r-devel-macos-x86_64 | 0.1.2 | 65.00 | OK | |||
r-devel-windows-x86_64 | 0.1.2 | 21.00 | 94.00 | 115.00 | OK | |
r-patched-linux-x86_64 | 0.1.2 | 17.26 | 57.21 | 74.47 | OK | |
r-release-linux-x86_64 | 0.1.2 | 17.79 | 57.52 | 75.31 | OK | |
r-release-macos-arm64 | 0.1.2 | 38.00 | OK | |||
r-release-macos-x86_64 | 0.1.2 | 56.00 | OK | |||
r-release-windows-x86_64 | 0.1.2 | 21.00 | 3.00 | 24.00 | FAIL | |
r-oldrel-macos-arm64 | 0.1.2 | 46.00 | OK | |||
r-oldrel-macos-x86_64 | 0.1.2 | 110.00 | OK | |||
r-oldrel-windows-x86_64 | 0.1.2 | 21.00 | 112.00 | 133.00 | OK |
Version: 0.1.2
Check: package dependencies
Result: FAIL
Flavor: r-release-windows-x86_64