Last updated on 2025-02-21 05:50:39 CET.
Flavor | Version | Tinstall | Tcheck | Ttotal | Status | Flags |
---|---|---|---|---|---|---|
r-devel-linux-x86_64-debian-clang | 1.1.2 | 7.86 | 62.29 | 70.15 | OK | |
r-devel-linux-x86_64-debian-gcc | 1.1.2 | 5.84 | 45.55 | 51.39 | OK | |
r-devel-linux-x86_64-fedora-clang | 1.1.2 | 109.51 | OK | |||
r-devel-linux-x86_64-fedora-gcc | 1.1.2 | 105.45 | OK | |||
r-devel-macos-arm64 | 1.1.2 | 36.00 | OK | |||
r-devel-macos-x86_64 | 1.1.2 | 70.00 | OK | |||
r-devel-windows-x86_64 | 1.1.2 | 9.00 | 77.00 | 86.00 | OK | |
r-patched-linux-x86_64 | 1.1.2 | 7.72 | 57.62 | 65.34 | NOTE | |
r-release-linux-x86_64 | 1.1.2 | 7.25 | 58.27 | 65.52 | NOTE | |
r-release-macos-arm64 | 1.1.2 | 37.00 | NOTE | |||
r-release-macos-x86_64 | 1.1.2 | 48.00 | NOTE | |||
r-release-windows-x86_64 | 1.1.2 | 10.00 | 75.00 | 85.00 | NOTE | |
r-oldrel-macos-arm64 | 1.1.2 | 40.00 | NOTE | |||
r-oldrel-macos-x86_64 | 1.1.2 | 59.00 | NOTE | |||
r-oldrel-windows-x86_64 | 1.1.2 | 12.00 | 103.00 | 115.00 | NOTE |
Version: 1.1.2
Check: LazyData
Result: NOTE
'LazyData' is specified without a 'data' directory
Flavors: r-patched-linux-x86_64, r-release-linux-x86_64, r-release-macos-arm64, r-release-macos-x86_64, r-release-windows-x86_64, r-oldrel-macos-arm64, r-oldrel-macos-x86_64, r-oldrel-windows-x86_64