CRAN Package Check Results for Package chunkhooks

Last updated on 2025-02-20 04:51:07 CET.

Flavor Version Tinstall Tcheck Ttotal Status Flags
r-devel-linux-x86_64-debian-clang 0.0.1 1.41 25.78 27.19 OK
r-devel-linux-x86_64-debian-gcc 0.0.1 1.23 21.03 22.26 OK
r-devel-linux-x86_64-fedora-clang 0.0.1 44.65 OK
r-devel-linux-x86_64-fedora-gcc 0.0.1 58.51 OK
r-devel-macos-arm64 0.0.1 27.00 OK
r-devel-macos-x86_64 0.0.1 46.00 OK
r-devel-windows-x86_64 0.0.1 3.00 48.00 51.00 OK
r-patched-linux-x86_64 0.0.1 1.47 24.85 26.32 NOTE
r-release-linux-x86_64 0.0.1 1.60 24.41 26.01 NOTE
r-release-macos-arm64 0.0.1 27.00 NOTE
r-release-macos-x86_64 0.0.1 37.00 NOTE
r-release-windows-x86_64 0.0.1 3.00 53.00 56.00 NOTE
r-oldrel-macos-arm64 0.0.1 27.00 NOTE
r-oldrel-macos-x86_64 0.0.1 36.00 NOTE
r-oldrel-windows-x86_64 0.0.1 3.00 72.00 75.00 NOTE

Check Details

Version: 0.0.1
Check: LazyData
Result: NOTE 'LazyData' is specified without a 'data' directory Flavors: r-patched-linux-x86_64, r-release-linux-x86_64, r-release-macos-arm64, r-release-macos-x86_64, r-release-windows-x86_64, r-oldrel-macos-arm64, r-oldrel-macos-x86_64, r-oldrel-windows-x86_64