Last updated on 2025-02-19 05:50:26 CET.
Flavor | Version | Tinstall | Tcheck | Ttotal | Status | Flags |
---|---|---|---|---|---|---|
r-devel-linux-x86_64-debian-clang | 0.9.8 | 9.48 | 57.33 | 66.81 | OK | |
r-devel-linux-x86_64-debian-gcc | 0.9.8 | 6.53 | 39.85 | 46.38 | OK | |
r-devel-linux-x86_64-fedora-clang | 0.9.8 | 106.57 | OK | |||
r-devel-linux-x86_64-fedora-gcc | 0.9.8 | 94.63 | OK | |||
r-devel-macos-arm64 | 0.9.8 | 31.00 | OK | |||
r-devel-macos-x86_64 | 0.9.8 | 73.00 | OK | |||
r-devel-windows-x86_64 | 0.9.8 | 12.00 | 84.00 | 96.00 | OK | |
r-patched-linux-x86_64 | 0.9.8 | 9.24 | 51.75 | 60.99 | OK | |
r-release-linux-x86_64 | 0.9.8 | 8.71 | 52.49 | 61.20 | OK | |
r-release-macos-arm64 | 0.9.8 | 38.00 | OK | |||
r-release-macos-x86_64 | 0.9.8 | 59.00 | OK | |||
r-release-windows-x86_64 | 0.9.8 | 13.00 | 3.00 | 16.00 | FAIL | |
r-oldrel-macos-arm64 | 0.8.0 | 28.00 | OK | |||
r-oldrel-macos-x86_64 | 0.9.8 | 56.00 | OK | |||
r-oldrel-windows-x86_64 | 0.9.8 | 16.00 | 98.00 | 114.00 | OK |
Version: 0.9.8
Check: package dependencies
Result: FAIL
Flavor: r-release-windows-x86_64