CRAN Package Check Results for Package caviarpd

Last updated on 2025-02-22 05:51:31 CET.

Flavor Version Tinstall Tcheck Ttotal Status Flags
r-devel-linux-x86_64-debian-clang 0.3.13 138.40 17.67 156.07 OK
r-devel-linux-x86_64-debian-gcc 0.3.13 110.90 14.76 125.66 OK
r-devel-linux-x86_64-fedora-clang 0.3.13 243.30 OK
r-devel-linux-x86_64-fedora-gcc 0.3.13 239.92 OK
r-devel-macos-arm64 0.3.13 53.00 OK
r-devel-macos-x86_64 0.3.13 111.00 OK
r-devel-windows-x86_64 0.3.13 94.00 48.00 142.00 OK
r-patched-linux-x86_64 0.3.13 137.61 16.93 154.54 OK
r-release-linux-x86_64 0.3.13 135.34 16.99 152.33 OK
r-release-macos-arm64 0.3.13 56.00 NOTE
r-release-macos-x86_64 0.3.13 135.00 NOTE
r-release-windows-x86_64 0.3.13 120.00 47.00 167.00 OK
r-oldrel-macos-arm64 0.3.13 61.00 NOTE
r-oldrel-macos-x86_64 0.3.13 140.00 NOTE
r-oldrel-windows-x86_64 0.3.13 118.00 54.00 172.00 OK

Check Details

Version: 0.3.13
Check: installed package size
Result: NOTE installed size is 5.1Mb sub-directories of 1Mb or more: libs 5.0Mb Flavors: r-release-macos-arm64, r-release-macos-x86_64, r-oldrel-macos-arm64, r-oldrel-macos-x86_64