Last updated on 2025-02-16 05:51:12 CET.
Flavor | Version | Tinstall | Tcheck | Ttotal | Status | Flags |
---|---|---|---|---|---|---|
r-devel-linux-x86_64-debian-clang | 0.5.0 | 20.10 | 146.00 | 166.10 | NOTE | |
r-devel-linux-x86_64-debian-gcc | 0.5.0 | 11.60 | 95.13 | 106.73 | NOTE | |
r-devel-linux-x86_64-fedora-clang | 0.5.0 | 297.29 | NOTE | |||
r-devel-linux-x86_64-fedora-gcc | 0.5.0 | 264.06 | NOTE | |||
r-devel-macos-arm64 | 0.5.0 | 74.00 | NOTE | |||
r-devel-macos-x86_64 | 0.5.0 | 160.00 | NOTE | |||
r-devel-windows-x86_64 | 0.5.0 | 19.00 | 157.00 | 176.00 | NOTE | |
r-patched-linux-x86_64 | 0.5.0 | 21.30 | 137.84 | 159.14 | NOTE | |
r-release-linux-x86_64 | 0.5.0 | 17.35 | 135.34 | 152.69 | NOTE | |
r-release-macos-arm64 | 0.5.0 | 72.00 | NOTE | |||
r-release-macos-x86_64 | 0.5.0 | 111.00 | NOTE | |||
r-release-windows-x86_64 | 0.5.0 | 22.00 | 158.00 | 180.00 | NOTE | |
r-oldrel-macos-arm64 | 0.5.0 | 78.00 | OK | |||
r-oldrel-macos-x86_64 | 0.5.0 | 132.00 | OK | |||
r-oldrel-windows-x86_64 | 0.5.0 | 24.00 | 192.00 | 216.00 | OK |
Version: 0.5.0
Check: Rd files
Result: NOTE
checkRd: (-1) calculateEffects.Rd:24: Lost braces; missing escapes or markup?
24 | equals (I-B)^{-1}Gamma. The indirect effect equals the difference between
| ^
Flavors: r-devel-linux-x86_64-debian-clang, r-devel-linux-x86_64-debian-gcc, r-devel-linux-x86_64-fedora-clang, r-devel-linux-x86_64-fedora-gcc, r-devel-macos-arm64, r-devel-macos-x86_64, r-devel-windows-x86_64, r-patched-linux-x86_64, r-release-linux-x86_64, r-release-macos-arm64, r-release-macos-x86_64, r-release-windows-x86_64
Version: 0.5.0
Check: dependencies in R code
Result: NOTE
Namespace in Imports field not imported from: ‘Rdpack’
All declared Imports should be used.
Flavors: r-devel-linux-x86_64-fedora-clang, r-devel-linux-x86_64-fedora-gcc