Last updated on 2025-02-20 04:51:08 CET.
Flavor | Version | Tinstall | Tcheck | Ttotal | Status | Flags |
---|---|---|---|---|---|---|
r-devel-linux-x86_64-debian-clang | 1.1.1 | 3.16 | 26.44 | 29.60 | OK | |
r-devel-linux-x86_64-debian-gcc | 1.1.1 | 2.05 | 20.62 | 22.67 | OK | |
r-devel-linux-x86_64-fedora-clang | 1.1.1 | 50.32 | OK | |||
r-devel-linux-x86_64-fedora-gcc | 1.1.1 | 47.81 | OK | |||
r-devel-macos-arm64 | 1.1.1 | 18.00 | OK | |||
r-devel-macos-x86_64 | 1.1.1 | 47.00 | OK | |||
r-devel-windows-x86_64 | 1.1.1 | 4.00 | 60.00 | 64.00 | OK | |
r-patched-linux-x86_64 | 1.1.1 | 3.77 | 25.00 | 28.77 | NOTE | |
r-release-linux-x86_64 | 1.1.1 | 2.74 | 25.02 | 27.76 | NOTE | |
r-release-macos-arm64 | 1.1.1 | 25.00 | NOTE | |||
r-release-macos-x86_64 | 1.1.1 | 27.00 | NOTE | |||
r-release-windows-x86_64 | 1.1.1 | 3.00 | 3.00 | 6.00 | FAIL | |
r-oldrel-macos-arm64 | 1.1.1 | 18.00 | OK | |||
r-oldrel-macos-x86_64 | 1.1.1 | 26.00 | OK | |||
r-oldrel-windows-x86_64 | 1.1.1 | 5.00 | 60.00 | 65.00 | OK |
Version: 1.1.1
Check: package dependencies
Result: NOTE
Package suggested but not available for checking: ‘bvpSolve’
Flavors: r-patched-linux-x86_64, r-release-linux-x86_64, r-release-macos-arm64, r-release-macos-x86_64
Version: 1.1.1
Check: package dependencies
Result: FAIL
Flavor: r-release-windows-x86_64