Last updated on 2025-02-21 05:50:38 CET.
Flavor | Version | Tinstall | Tcheck | Ttotal | Status | Flags |
---|---|---|---|---|---|---|
r-devel-linux-x86_64-debian-clang | 0.3.1 | 5.85 | 39.95 | 45.80 | OK | |
r-devel-linux-x86_64-debian-gcc | 0.3.1 | 3.48 | 29.49 | 32.97 | OK | |
r-devel-linux-x86_64-fedora-clang | 0.3.1 | 71.67 | OK | |||
r-devel-linux-x86_64-fedora-gcc | 0.3.1 | 69.65 | OK | |||
r-devel-macos-arm64 | 0.3.1 | 24.00 | OK | |||
r-devel-macos-x86_64 | 0.3.1 | 43.00 | OK | |||
r-devel-windows-x86_64 | 0.3.1 | 6.00 | 68.00 | 74.00 | OK | |
r-patched-linux-x86_64 | 0.3.1 | 5.46 | 36.92 | 42.38 | NOTE | |
r-release-linux-x86_64 | 0.3.1 | 4.83 | 36.90 | 41.73 | NOTE | |
r-release-macos-arm64 | 0.3.1 | 23.00 | NOTE | |||
r-release-macos-x86_64 | 0.3.1 | 36.00 | NOTE | |||
r-release-windows-x86_64 | 0.3.1 | 7.00 | 54.00 | 61.00 | NOTE | |
r-oldrel-macos-arm64 | 0.3.1 | 23.00 | NOTE | |||
r-oldrel-macos-x86_64 | 0.3.1 | 36.00 | NOTE | |||
r-oldrel-windows-x86_64 | 0.3.1 | 7.00 | 60.00 | 67.00 | NOTE |
Version: 0.3.1
Check: LazyData
Result: NOTE
'LazyData' is specified without a 'data' directory
Flavors: r-patched-linux-x86_64, r-release-linux-x86_64, r-release-macos-arm64, r-release-macos-x86_64, r-release-windows-x86_64, r-oldrel-macos-arm64, r-oldrel-macos-x86_64, r-oldrel-windows-x86_64