Last updated on 2025-02-21 05:50:38 CET.
Flavor | Version | Tinstall | Tcheck | Ttotal | Status | Flags |
---|---|---|---|---|---|---|
r-devel-linux-x86_64-debian-clang | 0.1.0 | 12.09 | 35.50 | 47.59 | OK | |
r-devel-linux-x86_64-debian-gcc | 0.1.0 | 7.18 | 27.12 | 34.30 | OK | |
r-devel-linux-x86_64-fedora-clang | 0.1.0 | 77.88 | NOTE | |||
r-devel-linux-x86_64-fedora-gcc | 0.1.0 | 87.64 | NOTE | |||
r-devel-macos-arm64 | 0.1.0 | 33.00 | OK | |||
r-devel-macos-x86_64 | 0.1.0 | 61.00 | OK | |||
r-devel-windows-x86_64 | 0.1.0 | 10.00 | 59.00 | 69.00 | OK | |
r-patched-linux-x86_64 | 0.1.0 | 11.81 | 34.27 | 46.08 | OK | |
r-release-linux-x86_64 | 0.1.0 | 11.23 | 34.01 | 45.24 | OK | |
r-release-macos-arm64 | 0.1.0 | 33.00 | OK | |||
r-release-macos-x86_64 | 0.1.0 | 47.00 | OK | |||
r-release-windows-x86_64 | 0.1.0 | 10.00 | 60.00 | 70.00 | OK | |
r-oldrel-macos-arm64 | 0.1.0 | 34.00 | OK | |||
r-oldrel-macos-x86_64 | 0.1.0 | 52.00 | OK | |||
r-oldrel-windows-x86_64 | 0.1.0 | 14.00 | 70.00 | 84.00 | OK |
Version: 0.1.0
Check: dependencies in R code
Result: NOTE
Namespace in Imports field not imported from: ‘R6’
All declared Imports should be used.
Flavors: r-devel-linux-x86_64-fedora-clang, r-devel-linux-x86_64-fedora-gcc