CRAN Package Check Results for Package bndovb

Last updated on 2025-02-21 05:50:38 CET.

Flavor Version Tinstall Tcheck Ttotal Status Flags
r-devel-linux-x86_64-debian-clang 1.1 7.90 76.97 84.87 OK
r-devel-linux-x86_64-debian-gcc 1.1 5.54 58.25 63.79 OK
r-devel-linux-x86_64-fedora-clang 1.1 139.03 NOTE
r-devel-linux-x86_64-fedora-gcc 1.1 147.94 NOTE
r-devel-macos-arm64 1.1 56.00 OK
r-devel-macos-x86_64 1.1 117.00 OK
r-devel-windows-x86_64 1.1 10.00 85.00 95.00 OK
r-patched-linux-x86_64 1.1 9.00 72.99 81.99 OK
r-release-linux-x86_64 1.1 7.94 73.46 81.40 OK
r-release-macos-arm64 1.1 54.00 OK
r-release-macos-x86_64 1.1 78.00 OK
r-release-windows-x86_64 1.1 11.00 84.00 95.00 OK
r-oldrel-macos-arm64 1.1 48.00 OK
r-oldrel-macos-x86_64 1.1 72.00 OK
r-oldrel-windows-x86_64 1.1 12.00 103.00 115.00 OK

Check Details

Version: 1.1
Check: dependencies in R code
Result: NOTE Namespace in Imports field not imported from: ‘dplyr’ All declared Imports should be used. Flavors: r-devel-linux-x86_64-fedora-clang, r-devel-linux-x86_64-fedora-gcc