Last updated on 2025-02-19 05:50:23 CET.
Flavor | Version | Tinstall | Tcheck | Ttotal | Status | Flags |
---|---|---|---|---|---|---|
r-devel-linux-x86_64-debian-clang | 0.2.5 | 1.45 | 18.64 | 20.09 | OK | |
r-devel-linux-x86_64-debian-gcc | 0.2.5 | 1.46 | 14.89 | 16.35 | OK | |
r-devel-linux-x86_64-fedora-clang | 0.2.5 | 33.86 | NOTE | |||
r-devel-linux-x86_64-fedora-gcc | 0.2.5 | 31.21 | NOTE | |||
r-devel-macos-arm64 | 0.2.5 | 17.00 | OK | |||
r-devel-macos-x86_64 | 0.2.5 | 25.00 | OK | |||
r-devel-windows-x86_64 | 0.2.5 | 3.00 | 42.00 | 45.00 | OK | |
r-patched-linux-x86_64 | 0.2.5 | 1.62 | 17.59 | 19.21 | OK | |
r-release-linux-x86_64 | 0.2.5 | 1.42 | 17.70 | 19.12 | OK | |
r-release-macos-arm64 | 0.2.5 | 21.00 | OK | |||
r-release-macos-x86_64 | 0.2.5 | 22.00 | OK | |||
r-release-windows-x86_64 | 0.2.5 | 2.00 | 3.00 | 5.00 | FAIL | |
r-oldrel-macos-arm64 | 0.2.5 | 22.00 | OK | |||
r-oldrel-macos-x86_64 | 0.2.5 | 33.00 | OK | |||
r-oldrel-windows-x86_64 | 0.2.5 | 2.00 | 42.00 | 44.00 | OK |
Version: 0.2.5
Check: dependencies in R code
Result: NOTE
Namespace in Imports field not imported from: ‘pls’
All declared Imports should be used.
Flavors: r-devel-linux-x86_64-fedora-clang, r-devel-linux-x86_64-fedora-gcc
Version: 0.2.5
Check: package dependencies
Result: FAIL
Flavor: r-release-windows-x86_64