Last updated on 2025-02-20 04:51:04 CET.
Flavor | Version | Tinstall | Tcheck | Ttotal | Status | Flags |
---|---|---|---|---|---|---|
r-devel-linux-x86_64-debian-clang | 0.1.7 | 4.43 | 33.56 | 37.99 | OK | |
r-devel-linux-x86_64-debian-gcc | 0.1.7 | 2.88 | 23.63 | 26.51 | OK | |
r-devel-linux-x86_64-fedora-clang | 0.1.7 | 59.59 | OK | |||
r-devel-linux-x86_64-fedora-gcc | 0.1.7 | 57.50 | OK | |||
r-devel-macos-arm64 | 0.1.7 | 21.00 | OK | |||
r-devel-macos-x86_64 | 0.1.7 | 45.00 | OK | |||
r-devel-windows-x86_64 | 0.1.7 | 5.00 | 53.00 | 58.00 | OK | |
r-patched-linux-x86_64 | 0.1.7 | 4.26 | 30.83 | 35.09 | OK | |
r-release-linux-x86_64 | 0.1.7 | 3.96 | 30.83 | 34.79 | OK | |
r-release-macos-arm64 | 0.1.7 | 21.00 | OK | |||
r-release-macos-x86_64 | 0.1.7 | 29.00 | OK | |||
r-release-windows-x86_64 | 0.1.7 | 6.00 | 3.00 | 9.00 | FAIL | |
r-oldrel-macos-arm64 | 0.1.7 | 22.00 | OK | |||
r-oldrel-macos-x86_64 | 0.1.7 | 37.00 | OK | |||
r-oldrel-windows-x86_64 | 0.1.7 | 7.00 | 65.00 | 72.00 | OK |
Version: 0.1.7
Check: package dependencies
Result: FAIL
Flavor: r-release-windows-x86_64