Last updated on 2025-02-21 05:50:37 CET.
Flavor | Version | Tinstall | Tcheck | Ttotal | Status | Flags |
---|---|---|---|---|---|---|
r-devel-linux-x86_64-debian-clang | 0.1.0 | 3.11 | 33.63 | 36.74 | NOTE | |
r-devel-linux-x86_64-debian-gcc | 0.1.0 | 2.12 | 24.09 | 26.21 | NOTE | |
r-devel-linux-x86_64-fedora-clang | 0.1.0 | 56.67 | NOTE | |||
r-devel-linux-x86_64-fedora-gcc | 0.1.0 | 55.07 | NOTE | |||
r-devel-macos-arm64 | 0.1.0 | 27.00 | NOTE | |||
r-devel-macos-x86_64 | 0.1.0 | 37.00 | NOTE | |||
r-devel-windows-x86_64 | 0.1.0 | 4.00 | 53.00 | 57.00 | NOTE | |
r-patched-linux-x86_64 | 0.1.0 | 2.91 | 31.00 | 33.91 | NOTE | |
r-release-linux-x86_64 | 0.1.0 | 2.74 | 30.98 | 33.72 | NOTE | |
r-release-macos-arm64 | 0.1.0 | 22.00 | NOTE | |||
r-release-macos-x86_64 | 0.1.0 | 30.00 | NOTE | |||
r-release-windows-x86_64 | 0.1.0 | 5.00 | 52.00 | 57.00 | NOTE | |
r-oldrel-macos-arm64 | 0.1.0 | 22.00 | OK | |||
r-oldrel-macos-x86_64 | 0.1.0 | 31.00 | OK | |||
r-oldrel-windows-x86_64 | 0.1.0 | 5.00 | 67.00 | 72.00 | OK |
Version: 0.1.0
Check: Rd files
Result: NOTE
checkRd: (-1) get_airnow_area.Rd:25: Lost braces; missing escapes or markup?
25 | \item{parameters}{Parameter(s) to return data for. Choices are PM_{2.5}
| ^
Flavors: r-devel-linux-x86_64-debian-clang, r-devel-linux-x86_64-debian-gcc, r-devel-linux-x86_64-fedora-clang, r-devel-linux-x86_64-fedora-gcc, r-devel-macos-arm64, r-devel-macos-x86_64, r-devel-windows-x86_64, r-patched-linux-x86_64, r-release-linux-x86_64, r-release-macos-arm64, r-release-macos-x86_64, r-release-windows-x86_64