Last updated on 2025-02-20 04:51:03 CET.
Flavor | Version | Tinstall | Tcheck | Ttotal | Status | Flags |
---|---|---|---|---|---|---|
r-devel-linux-x86_64-debian-clang | 0.37 | 7.49 | 56.49 | 63.98 | OK | |
r-devel-linux-x86_64-debian-gcc | 0.37 | 5.34 | 37.10 | 42.44 | OK | |
r-devel-linux-x86_64-fedora-clang | 0.37 | 105.46 | OK | |||
r-devel-linux-x86_64-fedora-gcc | 0.37 | 99.76 | OK | |||
r-devel-macos-arm64 | 0.37 | 30.00 | OK | |||
r-devel-macos-x86_64 | 0.37 | 55.00 | OK | |||
r-devel-windows-x86_64 | 0.37 | 10.00 | 82.00 | 92.00 | OK | |
r-patched-linux-x86_64 | 0.37 | 7.53 | 52.23 | 59.76 | OK | |
r-release-linux-x86_64 | 0.37 | 6.05 | 53.36 | 59.41 | OK | |
r-release-macos-arm64 | 0.37 | 40.00 | OK | |||
r-release-macos-x86_64 | 0.37 | 105.00 | OK | |||
r-release-windows-x86_64 | 0.37 | 9.00 | 3.00 | 12.00 | FAIL | |
r-oldrel-macos-arm64 | 0.37 | 44.00 | OK | |||
r-oldrel-macos-x86_64 | 0.37 | 101.00 | OK | |||
r-oldrel-windows-x86_64 | 0.37 | 13.00 | 117.00 | 130.00 | OK |
Version: 0.37
Check: package dependencies
Result: FAIL
Flavor: r-release-windows-x86_64