Last updated on 2025-02-21 05:50:36 CET.
Flavor | Version | Tinstall | Tcheck | Ttotal | Status | Flags |
---|---|---|---|---|---|---|
r-devel-linux-x86_64-debian-clang | 0.4.1 | 2.80 | 58.58 | 61.38 | OK | |
r-devel-linux-x86_64-debian-gcc | 0.4.1 | 2.03 | 43.43 | 45.46 | OK | |
r-devel-linux-x86_64-fedora-clang | 0.4.1 | 99.58 | NOTE | |||
r-devel-linux-x86_64-fedora-gcc | 0.4.1 | 112.17 | NOTE | |||
r-devel-macos-arm64 | 0.4.1 | 64.00 | OK | |||
r-devel-macos-x86_64 | 0.4.1 | 103.00 | OK | |||
r-devel-windows-x86_64 | 0.4.1 | 5.00 | 79.00 | 84.00 | OK | |
r-patched-linux-x86_64 | 0.4.1 | 2.85 | 54.76 | 57.61 | NOTE | |
r-release-linux-x86_64 | 0.4.1 | 2.52 | 53.65 | 56.17 | NOTE | |
r-release-macos-arm64 | 0.4.1 | 54.00 | OK | |||
r-release-macos-x86_64 | 0.4.1 | 78.00 | OK | |||
r-release-windows-x86_64 | 0.4.1 | 6.00 | 84.00 | 90.00 | OK | |
r-oldrel-macos-arm64 | 0.4.1 | 51.00 | OK | |||
r-oldrel-macos-x86_64 | 0.4.1 | 59.00 | OK | |||
r-oldrel-windows-x86_64 | 0.4.1 | 6.00 | 99.00 | 105.00 | OK |
Version: 0.4.1
Check: dependencies in R code
Result: NOTE
Namespace in Imports field not imported from: ‘tibble’
All declared Imports should be used.
Flavors: r-devel-linux-x86_64-fedora-clang, r-devel-linux-x86_64-fedora-gcc
Version: 0.4.1
Check: package dependencies
Result: NOTE
Package suggested but not available for checking: ‘pct’
Flavors: r-patched-linux-x86_64, r-release-linux-x86_64