Last updated on 2025-02-20 04:51:33 CET.
Flavor | Version | Tinstall | Tcheck | Ttotal | Status | Flags |
---|---|---|---|---|---|---|
r-devel-linux-x86_64-debian-clang | 0.2.6 | 93.23 | 41.92 | 135.15 | NOTE | |
r-devel-linux-x86_64-debian-gcc | 0.2.6 | 66.62 | 31.98 | 98.60 | NOTE | |
r-devel-linux-x86_64-fedora-clang | 0.2.6 | 253.14 | NOTE | |||
r-devel-linux-x86_64-fedora-gcc | 0.2.6 | 238.62 | NOTE | |||
r-devel-macos-arm64 | 0.2.6 | 56.00 | NOTE | |||
r-devel-macos-x86_64 | 0.2.6 | 70.00 | NOTE | |||
r-devel-windows-x86_64 | 0.2.6 | 129.00 | 89.00 | 218.00 | NOTE | |
r-patched-linux-x86_64 | 0.2.6 | 91.87 | 39.97 | 131.84 | NOTE | |
r-release-linux-x86_64 | 0.2.6 | 90.38 | 39.57 | 129.95 | NOTE | |
r-release-macos-arm64 | 0.2.6 | 58.00 | NOTE | |||
r-release-macos-x86_64 | 0.2.6 | 62.00 | NOTE | |||
r-release-windows-x86_64 | 0.2.6 | 126.00 | 3.00 | 129.00 | FAIL | |
r-oldrel-macos-arm64 | 0.2.6 | 76.00 | OK | |||
r-oldrel-macos-x86_64 | 0.2.6 | 121.00 | OK | |||
r-oldrel-windows-x86_64 | 0.2.6 | 146.00 | 117.00 | 263.00 | OK |
Version: 0.2.6
Check: Rd files
Result: NOTE
checkRd: (-1) vic_param.Rd:311: Lost braces
311 | albedo must be supplied in code{forcing_veg}. Default = 1.}
| ^
checkRd: (-1) vic_param.Rd:323: Lost braces
323 | supplied in code{forcing_veg}. Default = 1.}
| ^
checkRd: (-1) vic_param.Rd:341: Lost braces
341 | be supplied in code{forcing_veg} Default = 0.}
| ^
Flavors: r-devel-linux-x86_64-debian-clang, r-devel-linux-x86_64-debian-gcc, r-devel-linux-x86_64-fedora-clang, r-devel-linux-x86_64-fedora-gcc, r-devel-macos-arm64, r-devel-macos-x86_64, r-devel-windows-x86_64, r-patched-linux-x86_64, r-release-linux-x86_64, r-release-macos-arm64, r-release-macos-x86_64
Version: 0.2.6
Check: package dependencies
Result: FAIL
Flavor: r-release-windows-x86_64