Last updated on 2025-02-20 04:51:31 CET.
Flavor | Version | Tinstall | Tcheck | Ttotal | Status | Flags |
---|---|---|---|---|---|---|
r-devel-linux-x86_64-debian-clang | 0.1.2 | 4.92 | 47.25 | 52.17 | OK | |
r-devel-linux-x86_64-debian-gcc | 0.1.2 | 3.37 | 33.31 | 36.68 | OK | |
r-devel-linux-x86_64-fedora-clang | 0.1.2 | 86.77 | OK | |||
r-devel-linux-x86_64-fedora-gcc | 0.1.2 | 77.83 | OK | |||
r-devel-macos-arm64 | 0.1.2 | 23.00 | OK | |||
r-devel-macos-x86_64 | 0.1.2 | 41.00 | OK | |||
r-devel-windows-x86_64 | 0.1.2 | 6.00 | 59.00 | 65.00 | OK | |
r-patched-linux-x86_64 | 0.1.2 | 4.54 | 44.07 | 48.61 | OK | |
r-release-linux-x86_64 | 0.1.2 | 4.21 | 44.56 | 48.77 | OK | |
r-release-macos-arm64 | 0.1.2 | 31.00 | OK | |||
r-release-macos-x86_64 | 0.1.2 | 46.00 | OK | |||
r-release-windows-x86_64 | 0.1.2 | 7.00 | 3.00 | 10.00 | FAIL | |
r-oldrel-macos-arm64 | 0.1.1 | 42.00 | OK | |||
r-oldrel-macos-x86_64 | 0.1.2 | 47.00 | OK | |||
r-oldrel-windows-x86_64 | 0.1.2 | 7.00 | 174.00 | 181.00 | OK |
Version: 0.1.2
Check: package dependencies
Result: FAIL
Flavor: r-release-windows-x86_64