Last updated on 2025-02-21 05:51:02 CET.
Flavor | Version | Tinstall | Tcheck | Ttotal | Status | Flags |
---|---|---|---|---|---|---|
r-devel-linux-x86_64-debian-clang | 1.0.1 | 14.20 | 154.26 | 168.46 | NOTE | |
r-devel-linux-x86_64-debian-gcc | 1.0.1 | 10.11 | 115.43 | 125.54 | NOTE | |
r-devel-linux-x86_64-fedora-clang | 1.0.1 | 259.91 | NOTE | |||
r-devel-linux-x86_64-fedora-gcc | 1.0.1 | 281.19 | NOTE | |||
r-devel-macos-arm64 | 1.0.1 | 100.00 | NOTE | |||
r-devel-macos-x86_64 | 1.0.1 | 170.00 | NOTE | |||
r-devel-windows-x86_64 | 1.0.1 | 16.00 | 159.00 | 175.00 | NOTE | |
r-patched-linux-x86_64 | 1.0.1 | 20.63 | 150.84 | 171.47 | NOTE | |
r-release-linux-x86_64 | 1.0.1 | 12.35 | 154.09 | 166.44 | NOTE | |
r-release-macos-arm64 | 1.0.1 | 94.00 | NOTE | |||
r-release-macos-x86_64 | 1.0.1 | 128.00 | NOTE | |||
r-release-windows-x86_64 | 1.0.1 | 16.00 | 156.00 | 172.00 | NOTE | |
r-oldrel-macos-arm64 | 1.0.1 | 109.00 | OK | |||
r-oldrel-macos-x86_64 | 1.0.1 | 198.00 | OK | |||
r-oldrel-windows-x86_64 | 1.0.1 | 22.00 | 241.00 | 263.00 | OK |
Version: 1.0.1
Check: Rd files
Result: NOTE
checkRd: (-1) predict.tfunHDDC.Rd:31-39: Lost braces
31 | The teigen family. Stat Comput 22:1021{1029. <doi.org/10.1007/
| ^
Flavors: r-devel-linux-x86_64-debian-clang, r-devel-linux-x86_64-debian-gcc, r-devel-linux-x86_64-fedora-clang, r-devel-linux-x86_64-fedora-gcc, r-devel-macos-arm64, r-devel-macos-x86_64, r-devel-windows-x86_64, r-patched-linux-x86_64, r-release-linux-x86_64, r-release-macos-arm64, r-release-macos-x86_64, r-release-windows-x86_64
Version: 1.0.1
Check: Rd cross-references
Result: NOTE
Found the following Rd file(s) with Rd \link{} targets missing package
anchors:
tfunHDDC.Rd: tkmeans
Please provide package anchors for all Rd \link{} targets not in the
package itself and the base packages.
Flavors: r-devel-linux-x86_64-debian-clang, r-devel-linux-x86_64-debian-gcc, r-devel-windows-x86_64