Last updated on 2025-02-21 05:50:59 CET.
Flavor | Version | Tinstall | Tcheck | Ttotal | Status | Flags |
---|---|---|---|---|---|---|
r-devel-linux-x86_64-debian-clang | 0.99.5 | 4.47 | 80.33 | 84.80 | NOTE | |
r-devel-linux-x86_64-debian-gcc | 0.99.5 | 3.51 | 67.36 | 70.87 | NOTE | |
r-devel-linux-x86_64-fedora-clang | 0.99.5 | 139.52 | NOTE | |||
r-devel-linux-x86_64-fedora-gcc | 0.99.5 | 158.10 | NOTE | |||
r-devel-macos-arm64 | 0.99.5 | 59.00 | NOTE | |||
r-devel-macos-x86_64 | 0.99.5 | 180.00 | NOTE | |||
r-devel-windows-x86_64 | 0.99.5 | 6.00 | 149.00 | 155.00 | NOTE | |
r-patched-linux-x86_64 | 0.99.5 | 4.28 | 78.04 | 82.32 | NOTE | |
r-release-linux-x86_64 | 0.99.5 | 3.88 | 77.61 | 81.49 | NOTE | |
r-release-macos-arm64 | 0.99.5 | 58.00 | NOTE | |||
r-release-macos-x86_64 | 0.99.5 | 176.00 | NOTE | |||
r-release-windows-x86_64 | 0.99.5 | 6.00 | 141.00 | 147.00 | NOTE | |
r-oldrel-macos-arm64 | 0.99.5 | 64.00 | OK | |||
r-oldrel-macos-x86_64 | 0.99.5 | 134.00 | OK | |||
r-oldrel-windows-x86_64 | 0.99.5 | 8.00 | 148.00 | 156.00 | OK |
Version: 0.99.5
Check: Rd files
Result: NOTE
checkRd: (-1) mu_calc.Rd:32: Lost braces; missing escapes or markup?
32 | mu_{d} | mu_{d} < mu_{d-1} and mu_{d} | mu_{d} > mu_{d-1} respecitively.
| ^
checkRd: (-1) mu_calc.Rd:32: Lost braces; missing escapes or markup?
32 | mu_{d} | mu_{d} < mu_{d-1} and mu_{d} | mu_{d} > mu_{d-1} respecitively.
| ^
checkRd: (-1) mu_calc.Rd:32: Lost braces; missing escapes or markup?
32 | mu_{d} | mu_{d} < mu_{d-1} and mu_{d} | mu_{d} > mu_{d-1} respecitively.
| ^
checkRd: (-1) mu_calc.Rd:32: Lost braces; missing escapes or markup?
32 | mu_{d} | mu_{d} < mu_{d-1} and mu_{d} | mu_{d} > mu_{d-1} respecitively.
| ^
checkRd: (-1) mu_calc.Rd:32: Lost braces; missing escapes or markup?
32 | mu_{d} | mu_{d} < mu_{d-1} and mu_{d} | mu_{d} > mu_{d-1} respecitively.
| ^
checkRd: (-1) mu_calc.Rd:32: Lost braces; missing escapes or markup?
32 | mu_{d} | mu_{d} < mu_{d-1} and mu_{d} | mu_{d} > mu_{d-1} respecitively.
| ^
Flavors: r-devel-linux-x86_64-debian-clang, r-devel-linux-x86_64-debian-gcc, r-devel-linux-x86_64-fedora-clang, r-devel-linux-x86_64-fedora-gcc, r-devel-macos-arm64, r-devel-macos-x86_64, r-devel-windows-x86_64, r-patched-linux-x86_64, r-release-linux-x86_64, r-release-macos-arm64, r-release-macos-x86_64, r-release-windows-x86_64