CRAN Package Check Results for Package SparseChol

Last updated on 2025-02-19 05:50:46 CET.

Flavor Version Tinstall Tcheck Ttotal Status Flags
r-devel-linux-x86_64-debian-clang 0.3.2 26.06 51.60 77.66 OK
r-devel-linux-x86_64-debian-gcc 0.3.2 20.54 39.75 60.29 OK
r-devel-linux-x86_64-fedora-clang 0.3.2 142.66 OK
r-devel-linux-x86_64-fedora-gcc 0.3.2 132.09 OK
r-devel-macos-arm64 0.3.2 39.00 OK
r-devel-macos-x86_64 0.3.2 64.00 OK
r-devel-windows-x86_64 0.3.2 31.00 93.00 124.00 OK
r-patched-linux-x86_64 0.3.2 28.44 48.38 76.82 OK
r-release-linux-x86_64 0.3.2 29.47 48.72 78.19 OK
r-release-macos-arm64 0.3.2 39.00 OK
r-release-macos-x86_64 0.3.2 83.00 OK
r-release-windows-x86_64 0.3.2 31.00 3.00 34.00 FAIL
r-oldrel-macos-arm64 0.3.2 44.00 OK
r-oldrel-macos-x86_64 0.3.2 92.00 OK
r-oldrel-windows-x86_64 0.3.2 38.00 131.00 169.00 OK

Check Details

Version: 0.3.2
Check: package dependencies
Result: FAIL
Flavor: r-release-windows-x86_64