Last updated on 2025-02-21 05:50:59 CET.
Flavor | Version | Tinstall | Tcheck | Ttotal | Status | Flags |
---|---|---|---|---|---|---|
r-devel-linux-x86_64-debian-clang | 1.1.1 | 9.90 | 71.68 | 81.58 | NOTE | |
r-devel-linux-x86_64-debian-gcc | 1.1.1 | 7.22 | 51.93 | 59.15 | NOTE | |
r-devel-linux-x86_64-fedora-clang | 1.1.1 | 134.82 | OK | |||
r-devel-linux-x86_64-fedora-gcc | 1.1.1 | 122.34 | OK | |||
r-devel-macos-arm64 | 1.1.1 | 43.00 | OK | |||
r-devel-macos-x86_64 | 1.1.1 | 83.00 | OK | |||
r-devel-windows-x86_64 | 1.1.1 | 9.00 | 89.00 | 98.00 | NOTE | |
r-patched-linux-x86_64 | 1.1.1 | 11.54 | 67.22 | 78.76 | OK | |
r-release-linux-x86_64 | 1.1.1 | 7.91 | 66.90 | 74.81 | OK | |
r-release-macos-arm64 | 1.1.1 | 33.00 | OK | |||
r-release-macos-x86_64 | 1.1.1 | 49.00 | OK | |||
r-release-windows-x86_64 | 1.1.1 | 10.00 | 79.00 | 89.00 | OK | |
r-oldrel-macos-arm64 | 1.1.1 | 41.00 | OK | |||
r-oldrel-macos-x86_64 | 1.1.1 | 83.00 | OK | |||
r-oldrel-windows-x86_64 | 1.1.1 | 13.00 | 128.00 | 141.00 | OK |
Version: 1.1.1
Check: Rd cross-references
Result: NOTE
Found the following Rd file(s) with Rd \link{} targets missing package
anchors:
sizeestima.Rd: rtnorm, rinvgamma, dtnorm
Please provide package anchors for all Rd \link{} targets not in the
package itself and the base packages.
Flavors: r-devel-linux-x86_64-debian-clang, r-devel-linux-x86_64-debian-gcc, r-devel-windows-x86_64