CRAN Package Check Results for Package SimSurvey

Last updated on 2025-02-20 04:51:30 CET.

Flavor Version Tinstall Tcheck Ttotal Status Flags
r-devel-linux-x86_64-debian-clang 0.1.6 11.88 89.13 101.01 NOTE
r-devel-linux-x86_64-debian-gcc 0.1.6 8.18 60.85 69.03 NOTE
r-devel-linux-x86_64-fedora-clang 0.1.6 163.61 OK
r-devel-linux-x86_64-fedora-gcc 0.1.6 164.93 OK
r-devel-macos-arm64 0.1.6 52.00 OK
r-devel-macos-x86_64 0.1.6 101.00 OK
r-devel-windows-x86_64 0.1.6 13.00 103.00 116.00 NOTE
r-patched-linux-x86_64 0.1.6 10.22 79.99 90.21 NOTE
r-release-linux-x86_64 0.1.6 10.16 80.22 90.38 NOTE
r-release-macos-arm64 0.1.6 51.00 NOTE
r-release-macos-x86_64 0.1.6 75.00 NOTE
r-release-windows-x86_64 0.1.6 12.00 96.00 108.00 OK
r-oldrel-macos-arm64 0.1.6 49.00 NOTE
r-oldrel-macos-x86_64 0.1.6 110.00 NOTE
r-oldrel-windows-x86_64 0.1.6 15.00 117.00 132.00 NOTE

Check Details

Version: 0.1.6
Check: Rd cross-references
Result: NOTE Found the following Rd file(s) with Rd \link{} targets missing package anchors: land.Rd: getData Please provide package anchors for all Rd \link{} targets not in the package itself and the base packages. Flavors: r-devel-linux-x86_64-debian-clang, r-devel-linux-x86_64-debian-gcc, r-devel-windows-x86_64

Version: 0.1.6
Check: package dependencies
Result: NOTE Package suggested but not available for checking: ‘INLA’ Flavors: r-patched-linux-x86_64, r-release-linux-x86_64, r-release-macos-arm64, r-release-macos-x86_64, r-oldrel-macos-arm64, r-oldrel-macos-x86_64, r-oldrel-windows-x86_64