CRAN Package Check Results for Package SPlit

Last updated on 2025-02-19 05:50:46 CET.

Flavor Version Tinstall Tcheck Ttotal Status Flags
r-devel-linux-x86_64-debian-clang 1.2 23.83 22.77 46.60 NOTE
r-devel-linux-x86_64-debian-gcc 1.2 14.88 18.16 33.04 NOTE
r-devel-linux-x86_64-fedora-clang 1.2 87.74 NOTE
r-devel-linux-x86_64-fedora-gcc 1.2 80.38 NOTE
r-devel-macos-arm64 1.2 24.00 NOTE
r-devel-macos-x86_64 1.2 50.00 NOTE
r-devel-windows-x86_64 1.2 25.00 65.00 90.00 NOTE
r-patched-linux-x86_64 1.2 22.36 21.92 44.28 NOTE
r-release-linux-x86_64 1.2 23.74 21.89 45.63 NOTE
r-release-macos-arm64 1.2 25.00 NOTE
r-release-macos-x86_64 1.2 34.00 NOTE
r-release-windows-x86_64 1.2 26.00 63.00 89.00 NOTE
r-oldrel-macos-arm64 1.2 27.00 NOTE
r-oldrel-macos-x86_64 1.2 43.00 NOTE
r-oldrel-windows-x86_64 1.2 32.00 69.00 101.00 NOTE

Check Details

Version: 1.2
Check: C++ specification
Result: NOTE Specified C++11: please drop specification unless essential Flavors: r-devel-linux-x86_64-debian-clang, r-devel-linux-x86_64-debian-gcc, r-devel-linux-x86_64-fedora-clang, r-devel-linux-x86_64-fedora-gcc, r-devel-macos-arm64, r-devel-macos-x86_64, r-devel-windows-x86_64, r-patched-linux-x86_64, r-release-linux-x86_64, r-release-macos-arm64, r-release-macos-x86_64, r-release-windows-x86_64, r-oldrel-macos-arm64, r-oldrel-macos-x86_64, r-oldrel-windows-x86_64