Last updated on 2025-02-21 05:50:57 CET.
Flavor | Version | Tinstall | Tcheck | Ttotal | Status | Flags |
---|---|---|---|---|---|---|
r-devel-linux-x86_64-debian-clang | 0.0.3 | 5.58 | 44.52 | 50.10 | OK | |
r-devel-linux-x86_64-debian-gcc | 0.0.3 | 3.69 | 31.00 | 34.69 | OK | |
r-devel-linux-x86_64-fedora-clang | 0.0.3 | 79.74 | NOTE | |||
r-devel-linux-x86_64-fedora-gcc | 0.0.3 | 75.55 | NOTE | |||
r-devel-macos-arm64 | 0.0.3 | 24.00 | OK | |||
r-devel-macos-x86_64 | 0.0.3 | 97.00 | OK | |||
r-devel-windows-x86_64 | 0.0.3 | 7.00 | 66.00 | 73.00 | OK | |
r-patched-linux-x86_64 | 0.0.3 | 4.78 | 39.91 | 44.69 | OK | |
r-release-linux-x86_64 | 0.0.3 | 5.51 | 40.48 | 45.99 | OK | |
r-release-macos-arm64 | 0.0.3 | 25.00 | OK | |||
r-release-macos-x86_64 | 0.0.3 | 70.00 | OK | |||
r-release-windows-x86_64 | 0.0.3 | 7.00 | 57.00 | 64.00 | OK | |
r-oldrel-macos-arm64 | 0.0.3 | 25.00 | OK | |||
r-oldrel-macos-x86_64 | 0.0.3 | 38.00 | OK | |||
r-oldrel-windows-x86_64 | 0.0.3 | 8.00 | 88.00 | 96.00 | OK |
Version: 0.0.3
Check: dependencies in R code
Result: NOTE
Namespace in Imports field not imported from: ‘reshape2’
All declared Imports should be used.
Flavors: r-devel-linux-x86_64-fedora-clang, r-devel-linux-x86_64-fedora-gcc