Last updated on 2025-02-21 05:50:56 CET.
Flavor | Version | Tinstall | Tcheck | Ttotal | Status | Flags |
---|---|---|---|---|---|---|
r-devel-linux-x86_64-debian-clang | 0.2-10 | 117.16 | 24.19 | 141.35 | OK | |
r-devel-linux-x86_64-debian-gcc | 0.2-10 | 78.98 | 19.47 | 98.45 | OK | |
r-devel-linux-x86_64-fedora-clang | 0.2-10 | 349.83 | OK | |||
r-devel-linux-x86_64-fedora-gcc | 0.2-10 | 248.23 | OK | |||
r-devel-macos-arm64 | 0.2-10 | 58.00 | OK | |||
r-devel-macos-x86_64 | 0.2-10 | 69.00 | OK | |||
r-devel-windows-x86_64 | 0.2-10 | 138.00 | 86.00 | 224.00 | OK | |
r-patched-linux-x86_64 | 0.2-10 | 113.34 | 23.04 | 136.38 | OK | |
r-release-linux-x86_64 | 0.2-10 | 112.47 | 23.14 | 135.61 | OK | |
r-release-macos-arm64 | 0.2-10 | 57.00 | NOTE | |||
r-release-macos-x86_64 | 0.2-10 | 69.00 | NOTE | |||
r-release-windows-x86_64 | 0.2-10 | 138.00 | 96.00 | 234.00 | OK | |
r-oldrel-macos-arm64 | 0.2-10 | 67.00 | NOTE | |||
r-oldrel-macos-x86_64 | 0.2-10 | 69.00 | NOTE | |||
r-oldrel-windows-x86_64 | 0.2-10 | 151.00 | 92.00 | 243.00 | OK |
Version: 0.2-10
Check: installed package size
Result: NOTE
installed size is 8.5Mb
sub-directories of 1Mb or more:
libs 8.4Mb
Flavors: r-release-macos-arm64, r-release-macos-x86_64, r-oldrel-macos-arm64, r-oldrel-macos-x86_64