Last updated on 2025-02-21 05:50:55 CET.
Flavor | Version | Tinstall | Tcheck | Ttotal | Status | Flags |
---|---|---|---|---|---|---|
r-devel-linux-x86_64-debian-clang | 1.2.0 | 27.59 | 22.59 | 50.18 | OK | |
r-devel-linux-x86_64-debian-gcc | 1.2.0 | 19.56 | 18.56 | 38.12 | OK | |
r-devel-linux-x86_64-fedora-clang | 1.2.0 | 102.64 | OK | |||
r-devel-linux-x86_64-fedora-gcc | 1.2.0 | 86.67 | OK | |||
r-devel-macos-arm64 | 1.2.0 | 25.00 | OK | |||
r-devel-macos-x86_64 | 1.2.0 | 43.00 | OK | |||
r-devel-windows-x86_64 | 1.2.0 | 30.00 | 68.00 | 98.00 | OK | |
r-patched-linux-x86_64 | 1.2.0 | 27.13 | 21.61 | 48.74 | OK | |
r-release-linux-x86_64 | 1.2.0 | 27.45 | 21.62 | 49.07 | OK | |
r-release-macos-arm64 | 1.2.0 | 30.00 | OK | |||
r-release-macos-x86_64 | 1.2.0 | 48.00 | OK | |||
r-release-windows-x86_64 | 1.2.0 | 30.00 | 75.00 | 105.00 | OK | |
r-oldrel-macos-arm64 | 1.1.1 | 26.00 | NOTE | |||
r-oldrel-macos-x86_64 | 1.2.0 | 50.00 | OK | |||
r-oldrel-windows-x86_64 | 1.2.0 | 30.00 | 74.00 | 104.00 | OK |
Version: 1.1.1
Check: C++ specification
Result: NOTE
Specified C++11: please drop specification unless essential
Flavor: r-oldrel-macos-arm64