Last updated on 2025-02-21 05:50:55 CET.
Flavor | Version | Tinstall | Tcheck | Ttotal | Status | Flags |
---|---|---|---|---|---|---|
r-devel-linux-x86_64-debian-clang | 0.6.0 | 26.48 | 42.28 | 68.76 | OK | |
r-devel-linux-x86_64-debian-gcc | 0.6.0 | 22.15 | 29.12 | 51.27 | OK | |
r-devel-linux-x86_64-fedora-clang | 0.6.0 | 122.65 | OK | |||
r-devel-linux-x86_64-fedora-gcc | 0.6.0 | 123.09 | OK | |||
r-devel-macos-arm64 | 0.6.0 | 34.00 | OK | |||
r-devel-macos-x86_64 | 0.6.0 | 66.00 | OK | |||
r-devel-windows-x86_64 | 0.6.0 | 31.00 | 131.00 | 162.00 | OK | |
r-patched-linux-x86_64 | 0.6.0 | 26.17 | 39.72 | 65.89 | OK | |
r-release-linux-x86_64 | 0.6.0 | 25.78 | 39.68 | 65.46 | OK | |
r-release-macos-arm64 | 0.6.0 | 38.00 | NOTE | |||
r-release-macos-x86_64 | 0.6.0 | 52.00 | NOTE | |||
r-release-windows-x86_64 | 0.6.0 | 30.00 | 89.00 | 119.00 | OK | |
r-oldrel-macos-arm64 | 0.6.0 | 43.00 | NOTE | |||
r-oldrel-macos-x86_64 | 0.6.0 | 141.00 | NOTE | |||
r-oldrel-windows-x86_64 | 0.6.0 | 32.00 | 99.00 | 131.00 | OK |
Version: 0.6.0
Check: installed package size
Result: NOTE
installed size is 6.6Mb
sub-directories of 1Mb or more:
libs 6.4Mb
Flavors: r-release-macos-arm64, r-release-macos-x86_64, r-oldrel-macos-arm64, r-oldrel-macos-x86_64