Last updated on 2025-02-21 05:50:52 CET.
Flavor | Version | Tinstall | Tcheck | Ttotal | Status | Flags |
---|---|---|---|---|---|---|
r-devel-linux-x86_64-debian-clang | 0.0.3 | 2.72 | 43.06 | 45.78 | OK | |
r-devel-linux-x86_64-debian-gcc | 0.0.3 | 2.11 | 32.77 | 34.88 | OK | |
r-devel-linux-x86_64-fedora-clang | 0.0.3 | 77.61 | NOTE | |||
r-devel-linux-x86_64-fedora-gcc | 0.0.3 | 75.68 | NOTE | |||
r-devel-macos-arm64 | 0.0.3 | 28.00 | OK | |||
r-devel-macos-x86_64 | 0.0.3 | 56.00 | OK | |||
r-devel-windows-x86_64 | 0.0.3 | 4.00 | 64.00 | 68.00 | OK | |
r-patched-linux-x86_64 | 0.0.3 | 3.07 | 42.54 | 45.61 | NOTE | |
r-release-linux-x86_64 | 0.0.3 | 2.92 | 42.16 | 45.08 | NOTE | |
r-release-macos-arm64 | 0.0.3 | 26.00 | NOTE | |||
r-release-macos-x86_64 | 0.0.3 | 38.00 | NOTE | |||
r-release-windows-x86_64 | 0.0.3 | 5.00 | 62.00 | 67.00 | NOTE | |
r-oldrel-macos-arm64 | 0.0.3 | 30.00 | NOTE | |||
r-oldrel-macos-x86_64 | 0.0.3 | 45.00 | NOTE | |||
r-oldrel-windows-x86_64 | 0.0.3 | 5.00 | 70.00 | 75.00 | NOTE |
Version: 0.0.3
Check: dependencies in R code
Result: NOTE
Namespace in Imports field not imported from: ‘smoothmest’
All declared Imports should be used.
Flavors: r-devel-linux-x86_64-fedora-clang, r-devel-linux-x86_64-fedora-gcc
Version: 0.0.3
Check: LazyData
Result: NOTE
'LazyData' is specified without a 'data' directory
Flavors: r-patched-linux-x86_64, r-release-linux-x86_64, r-release-macos-arm64, r-release-macos-x86_64, r-release-windows-x86_64, r-oldrel-macos-arm64, r-oldrel-macos-x86_64, r-oldrel-windows-x86_64