Last updated on 2025-02-21 05:50:53 CET.
Flavor | Version | Tinstall | Tcheck | Ttotal | Status | Flags |
---|---|---|---|---|---|---|
r-devel-linux-x86_64-debian-clang | 1.2.14 | 25.54 | 226.42 | 251.96 | NOTE | |
r-devel-linux-x86_64-debian-gcc | 1.2.14 | 17.88 | 152.00 | 169.88 | NOTE | |
r-devel-linux-x86_64-fedora-clang | 1.2.14 | 402.77 | OK | |||
r-devel-linux-x86_64-fedora-gcc | 1.2.14 | 408.71 | OK | |||
r-devel-macos-arm64 | 1.2.14 | 101.00 | OK | |||
r-devel-macos-x86_64 | 1.2.14 | 238.00 | OK | |||
r-devel-windows-x86_64 | 1.2.14 | 29.00 | 215.00 | 244.00 | NOTE | |
r-patched-linux-x86_64 | 1.2.14 | 29.34 | 210.96 | 240.30 | OK | |
r-release-linux-x86_64 | 1.2.14 | 23.94 | 211.72 | 235.66 | OK | |
r-release-macos-arm64 | 1.2.14 | 99.00 | OK | |||
r-release-macos-x86_64 | 1.2.14 | 177.00 | OK | |||
r-release-windows-x86_64 | 1.2.14 | 27.00 | 213.00 | 240.00 | OK | |
r-oldrel-macos-arm64 | 1.2.14 | 104.00 | OK | |||
r-oldrel-macos-x86_64 | 1.2.14 | 222.00 | OK | |||
r-oldrel-windows-x86_64 | 1.2.14 | 36.00 | 305.00 | 341.00 | OK |
Version: 1.2.14
Check: Rd cross-references
Result: NOTE
Found the following Rd file(s) with Rd \link{} targets missing package
anchors:
PCMOptions.Rd: vcv
PCMTreeVCV.Rd: vcv
Please provide package anchors for all Rd \link{} targets not in the
package itself and the base packages.
Flavors: r-devel-linux-x86_64-debian-clang, r-devel-linux-x86_64-debian-gcc, r-devel-windows-x86_64