Last updated on 2025-02-21 05:50:53 CET.
Flavor | Version | Tinstall | Tcheck | Ttotal | Status | Flags |
---|---|---|---|---|---|---|
r-devel-linux-x86_64-debian-clang | 1.0.0 | 6.76 | 93.43 | 100.19 | OK | |
r-devel-linux-x86_64-debian-gcc | 1.0.0 | 4.71 | 65.87 | 70.58 | OK | |
r-devel-linux-x86_64-fedora-clang | 1.0.0 | 160.78 | NOTE | |||
r-devel-linux-x86_64-fedora-gcc | 1.0.0 | 170.73 | NOTE | |||
r-devel-macos-arm64 | 1.0.0 | 54.00 | OK | |||
r-devel-macos-x86_64 | 1.0.0 | 121.00 | OK | |||
r-devel-windows-x86_64 | 1.0.0 | 7.00 | 106.00 | 113.00 | OK | |
r-patched-linux-x86_64 | 1.0.0 | 7.10 | 87.83 | 94.93 | OK | |
r-release-linux-x86_64 | 1.0.0 | 6.51 | 86.78 | 93.29 | OK | |
r-release-macos-arm64 | 1.0.0 | 50.00 | OK | |||
r-release-macos-x86_64 | 1.0.0 | 82.00 | OK | |||
r-release-windows-x86_64 | 1.0.0 | 8.00 | 100.00 | 108.00 | OK | |
r-oldrel-macos-arm64 | 1.0.0 | 57.00 | OK | |||
r-oldrel-macos-x86_64 | 1.0.0 | 88.00 | OK | |||
r-oldrel-windows-x86_64 | 1.0.0 | 9.00 | 122.00 | 131.00 | OK |
Version: 1.0.0
Check: dependencies in R code
Result: NOTE
Namespace in Imports field not imported from: ‘survival’
All declared Imports should be used.
Flavors: r-devel-linux-x86_64-fedora-clang, r-devel-linux-x86_64-fedora-gcc