Last updated on 2025-02-20 04:51:22 CET.
Flavor | Version | Tinstall | Tcheck | Ttotal | Status | Flags |
---|---|---|---|---|---|---|
r-devel-linux-x86_64-debian-clang | 1.0.1 | 9.31 | 52.97 | 62.28 | OK | |
r-devel-linux-x86_64-debian-gcc | 1.0.1 | 5.85 | 36.05 | 41.90 | OK | |
r-devel-linux-x86_64-fedora-clang | 1.0.1 | 106.07 | OK | |||
r-devel-linux-x86_64-fedora-gcc | 1.0.1 | 93.36 | OK | |||
r-devel-macos-arm64 | 1.0.1 | 28.00 | OK | |||
r-devel-macos-x86_64 | 1.0.1 | 52.00 | OK | |||
r-devel-windows-x86_64 | 1.0.1 | 11.00 | 68.00 | 79.00 | OK | |
r-patched-linux-x86_64 | 1.0.1 | 8.37 | 50.71 | 59.08 | NOTE | |
r-release-linux-x86_64 | 1.0.1 | 8.66 | 48.48 | 57.14 | NOTE | |
r-release-macos-arm64 | 1.0.1 | 29.00 | NOTE | |||
r-release-macos-x86_64 | 1.0.1 | 43.00 | NOTE | |||
r-release-windows-x86_64 | 1.0.1 | 12.00 | 68.00 | 80.00 | NOTE | |
r-oldrel-macos-arm64 | 1.0.1 | 34.00 | NOTE | |||
r-oldrel-macos-x86_64 | 1.0.1 | 46.00 | NOTE | |||
r-oldrel-windows-x86_64 | 1.0.1 | 14.00 | 115.00 | 129.00 | NOTE |
Version: 1.0.1
Check: package dependencies
Result: NOTE
Package which this enhances but not available for checking: ‘gurobi’
Flavors: r-patched-linux-x86_64, r-release-linux-x86_64, r-release-macos-arm64, r-release-macos-x86_64, r-release-windows-x86_64, r-oldrel-macos-arm64, r-oldrel-macos-x86_64, r-oldrel-windows-x86_64
Version: 1.0.1
Check: LazyData
Result: NOTE
'LazyData' is specified without a 'data' directory
Flavors: r-patched-linux-x86_64, r-release-linux-x86_64, r-release-macos-arm64, r-release-macos-x86_64, r-release-windows-x86_64, r-oldrel-macos-arm64, r-oldrel-macos-x86_64, r-oldrel-windows-x86_64