Last updated on 2025-02-21 05:50:47 CET.
Flavor | Version | Tinstall | Tcheck | Ttotal | Status | Flags |
---|---|---|---|---|---|---|
r-devel-linux-x86_64-debian-clang | 1.0 | 2.23 | 56.27 | 58.50 | OK | |
r-devel-linux-x86_64-debian-gcc | 1.0 | 2.08 | 44.55 | 46.63 | OK | |
r-devel-linux-x86_64-fedora-clang | 1.0 | 95.46 | NOTE | |||
r-devel-linux-x86_64-fedora-gcc | 1.0 | 106.17 | NOTE | |||
r-devel-macos-arm64 | 1.0 | 36.00 | OK | |||
r-devel-macos-x86_64 | 1.0 | 72.00 | OK | |||
r-devel-windows-x86_64 | 1.0 | 4.00 | 77.00 | 81.00 | OK | |
r-patched-linux-x86_64 | 1.0 | 3.25 | 56.30 | 59.55 | OK | |
r-release-linux-x86_64 | 1.0 | 2.74 | 56.20 | 58.94 | OK | |
r-release-macos-arm64 | 1.0 | 35.00 | OK | |||
r-release-macos-x86_64 | 1.0 | 59.00 | OK | |||
r-release-windows-x86_64 | 1.0 | 4.00 | 75.00 | 79.00 | OK | |
r-oldrel-macos-arm64 | 1.0 | 38.00 | OK | |||
r-oldrel-macos-x86_64 | 1.0 | 57.00 | OK | |||
r-oldrel-windows-x86_64 | 1.0 | 5.00 | 83.00 | 88.00 | OK |
Version: 1.0
Check: dependencies in R code
Result: NOTE
Namespaces in Imports field not imported from:
‘RColorBrewer’ ‘base’ ‘qpdf’
All declared Imports should be used.
Flavors: r-devel-linux-x86_64-fedora-clang, r-devel-linux-x86_64-fedora-gcc