Last updated on 2025-02-21 05:50:45 CET.
Flavor | Version | Tinstall | Tcheck | Ttotal | Status | Flags |
---|---|---|---|---|---|---|
r-devel-linux-x86_64-debian-clang | 1.3.1 | 2.22 | 33.63 | 35.85 | OK | |
r-devel-linux-x86_64-debian-gcc | 1.3.1 | 1.57 | 27.26 | 28.83 | OK | |
r-devel-linux-x86_64-fedora-clang | 1.3.1 | 56.87 | OK | |||
r-devel-linux-x86_64-fedora-gcc | 1.3.1 | 54.60 | OK | |||
r-devel-macos-arm64 | 1.3.1 | 23.00 | OK | |||
r-devel-macos-x86_64 | 1.3.1 | 40.00 | OK | |||
r-devel-windows-x86_64 | 1.3.1 | 3.00 | 55.00 | 58.00 | OK | |
r-patched-linux-x86_64 | 1.3.1 | 2.23 | 31.82 | 34.05 | OK | |
r-release-linux-x86_64 | 1.3.1 | 2.05 | 31.96 | 34.01 | OK | |
r-release-macos-arm64 | 1.3.1 | 20.00 | OK | |||
r-release-macos-x86_64 | 1.3.1 | 29.00 | OK | |||
r-release-windows-x86_64 | 1.3.1 | 3.00 | 54.00 | 57.00 | OK | |
r-oldrel-macos-arm64 | 1.3.1 | 26.00 | NOTE | |||
r-oldrel-macos-x86_64 | 1.3.1 | 33.00 | NOTE | |||
r-oldrel-windows-x86_64 | 1.3.1 | 3.00 | 62.00 | 65.00 | OK |
Version: 1.3.1
Check: Rd cross-references
Result: NOTE
Package unavailable to check Rd xrefs: ‘minfi’
Flavors: r-oldrel-macos-arm64, r-oldrel-macos-x86_64