Last updated on 2025-02-21 05:50:45 CET.
Flavor | Version | Tinstall | Tcheck | Ttotal | Status | Flags |
---|---|---|---|---|---|---|
r-devel-linux-x86_64-debian-clang | 1.0.2 | 31.42 | 31.26 | 62.68 | OK | |
r-devel-linux-x86_64-debian-gcc | 1.0.2 | 26.90 | 24.40 | 51.30 | OK | |
r-devel-linux-x86_64-fedora-clang | 1.0.2 | 112.00 | OK | |||
r-devel-linux-x86_64-fedora-gcc | 1.0.2 | 118.23 | OK | |||
r-devel-macos-arm64 | 1.0.2 | 31.00 | OK | |||
r-devel-macos-x86_64 | 1.0.2 | 59.00 | OK | |||
r-devel-windows-x86_64 | 1.0.2 | 37.00 | 75.00 | 112.00 | OK | |
r-patched-linux-x86_64 | 1.0.2 | 36.30 | 29.41 | 65.71 | OK | |
r-release-linux-x86_64 | 1.0.2 | 34.01 | 28.77 | 62.78 | OK | |
r-release-macos-arm64 | 1.0.2 | 36.00 | OK | |||
r-release-macos-x86_64 | 1.0.2 | 63.00 | NOTE | |||
r-release-windows-x86_64 | 1.0.2 | 38.00 | 68.00 | 106.00 | OK | |
r-oldrel-macos-arm64 | 1.0 | 204.00 | OK | |||
r-oldrel-macos-x86_64 | 1.0.2 | 62.00 | NOTE | |||
r-oldrel-windows-x86_64 | 1.0.2 | 44.00 | 108.00 | 152.00 | OK |
Version: 1.0.2
Check: installed package size
Result: NOTE
installed size is 5.0Mb
sub-directories of 1Mb or more:
libs 4.9Mb
Flavors: r-release-macos-x86_64, r-oldrel-macos-x86_64