Last updated on 2025-02-20 04:51:14 CET.
Flavor | Version | Tinstall | Tcheck | Ttotal | Status | Flags |
---|---|---|---|---|---|---|
r-devel-linux-x86_64-debian-clang | 1.2.5 | 19.93 | 56.24 | 76.17 | NOTE | |
r-devel-linux-x86_64-debian-gcc | 1.2.5 | 14.52 | 44.37 | 58.89 | NOTE | |
r-devel-linux-x86_64-fedora-clang | 1.2.5 | 128.24 | OK | |||
r-devel-linux-x86_64-fedora-gcc | 1.2.5 | 140.16 | OK | |||
r-devel-macos-arm64 | 1.2.5 | 43.00 | OK | |||
r-devel-macos-x86_64 | 1.2.5 | 79.00 | OK | |||
r-devel-windows-x86_64 | 1.2.5 | 22.00 | 94.00 | 116.00 | NOTE | |
r-patched-linux-x86_64 | 1.2.5 | 21.13 | 55.28 | 76.41 | OK | |
r-release-linux-x86_64 | 1.2.5 | 20.10 | 54.75 | 74.85 | OK | |
r-release-macos-arm64 | 1.2.5 | 41.00 | NOTE | |||
r-release-macos-x86_64 | 1.2.5 | 64.00 | NOTE | |||
r-release-windows-x86_64 | 1.2.5 | 22.00 | 94.00 | 116.00 | OK | |
r-oldrel-macos-arm64 | 1.2.5 | 50.00 | NOTE | |||
r-oldrel-macos-x86_64 | 1.2.5 | 113.00 | NOTE | |||
r-oldrel-windows-x86_64 | 1.2.5 | 26.00 | 106.00 | 132.00 | OK |
Version: 1.2.5
Check: Rd cross-references
Result: NOTE
Found the following Rd file(s) with Rd \link{} targets missing package
anchors:
GUTS-package.Rd: Rcpp
Please provide package anchors for all Rd \link{} targets not in the
package itself and the base packages.
Flavors: r-devel-linux-x86_64-debian-clang, r-devel-linux-x86_64-debian-gcc, r-devel-windows-x86_64
Version: 1.2.5
Check: installed package size
Result: NOTE
installed size is 5.4Mb
sub-directories of 1Mb or more:
extdata 2.5Mb
libs 2.3Mb
Flavors: r-release-macos-arm64, r-release-macos-x86_64, r-oldrel-macos-arm64, r-oldrel-macos-x86_64