CRAN Package Check Results for Package GDILM.SEIRS

Last updated on 2025-10-17 05:49:52 CEST.

Flavor Version Tinstall Tcheck Ttotal Status Flags
r-devel-linux-x86_64-debian-clang 0.0.4 4.47 269.08 273.55 OK
r-devel-linux-x86_64-debian-gcc 0.0.4 4.07 163.16 167.23 ERROR
r-devel-linux-x86_64-fedora-clang 0.0.4 377.64 OK
r-devel-linux-x86_64-fedora-gcc 0.0.4 350.33 OK
r-devel-windows-x86_64 0.0.4 7.00 252.00 259.00 OK
r-patched-linux-x86_64 0.0.4 5.40 258.57 263.97 OK
r-release-linux-x86_64 0.0.4 6.47 256.19 262.66 OK
r-release-macos-arm64 0.0.4 116.00 OK
r-release-macos-x86_64 0.0.4 270.00 OK
r-release-windows-x86_64 0.0.4 7.00 245.00 252.00 OK
r-oldrel-macos-arm64 0.0.4 119.00 OK
r-oldrel-macos-x86_64 0.0.4 260.00 OK
r-oldrel-windows-x86_64 0.0.4 9.00 309.00 318.00 OK

Check Details

Version: 0.0.4
Check: tests
Result: ERROR Running ‘testthat.R’ [135s/157s] Running the tests in ‘tests/testthat.R’ failed. Complete output: > # This file is part of the standard setup for testthat. > # It is recommended that you do not modify it. > # > # Where should you do additional test configuration? > # Learn more about the roles of various files in: > # * https://r-pkgs.org/testing-design.html#sec-tests-files-overview > # * https://testthat.r-lib.org/articles/special-files.html > > library(testthat) > library(GDILM.SEIRS) > > test_check("GDILM.SEIRS") [ FAIL 1 | WARN 0 | SKIP 0 | PASS 1 ] ══ Failed tests ════════════════════════════════════════════════════════════════ ── Error ('test-GDILM_SEIRS_Sim_Par_Est.R:2:3'): An example for a simulation study ── Error in `if (det(EndY5) < epsilon) { EndY5 <- EndY5 + diag(epsilon, nrow(EndY5)) }`: missing value where TRUE/FALSE needed Backtrace: ▆ 1. └─GDILM.SEIRS::GDILM_SEIRS_Sim_Par_Est(...) at test-GDILM_SEIRS_Sim_Par_Est.R:2:3 2. └─GDILM.SEIRS (local) estfun(...) [ FAIL 1 | WARN 0 | SKIP 0 | PASS 1 ] Error: Test failures Execution halted Flavor: r-devel-linux-x86_64-debian-gcc