Last updated on 2025-02-21 05:50:42 CET.
Flavor | Version | Tinstall | Tcheck | Ttotal | Status | Flags |
---|---|---|---|---|---|---|
r-devel-linux-x86_64-debian-clang | 1.0.0 | 110.42 | 511.81 | 622.23 | OK | |
r-devel-linux-x86_64-debian-gcc | 1.0.0 | 86.63 | 346.18 | 432.81 | OK | |
r-devel-linux-x86_64-fedora-clang | 1.0.0 | 1003.14 | OK | |||
r-devel-linux-x86_64-fedora-gcc | 1.0.0 | 1007.69 | OK | |||
r-devel-macos-arm64 | 1.0.0 | 242.00 | OK | |||
r-devel-macos-x86_64 | 1.0.0 | 527.00 | OK | |||
r-devel-windows-x86_64 | 1.0.0 | 111.00 | 445.00 | 556.00 | OK | |
r-patched-linux-x86_64 | 1.0.0 | 114.56 | 488.13 | 602.69 | OK | |
r-release-linux-x86_64 | 1.0.0 | 119.25 | 485.61 | 604.86 | OK | |
r-release-macos-arm64 | 1.0.0 | 243.00 | NOTE | |||
r-release-macos-x86_64 | 1.0.0 | 319.00 | NOTE | |||
r-release-windows-x86_64 | 1.0.0 | 112.00 | 444.00 | 556.00 | OK | |
r-oldrel-macos-arm64 | 1.0.0 | 238.00 | NOTE | |||
r-oldrel-macos-x86_64 | 1.0.0 | 430.00 | NOTE | |||
r-oldrel-windows-x86_64 | 1.0.0 | 135.00 | 587.00 | 722.00 | OK |
Version: 1.0.0
Check: installed package size
Result: NOTE
installed size is 31.4Mb
sub-directories of 1Mb or more:
libs 30.7Mb
Flavors: r-release-macos-arm64, r-release-macos-x86_64, r-oldrel-macos-arm64, r-oldrel-macos-x86_64