Last updated on 2025-02-19 05:50:30 CET.
Flavor | Version | Tinstall | Tcheck | Ttotal | Status | Flags |
---|---|---|---|---|---|---|
r-devel-linux-x86_64-debian-clang | 1.2 | 17.72 | 28.33 | 46.05 | OK | |
r-devel-linux-x86_64-debian-gcc | 1.2 | 12.44 | 22.67 | 35.11 | OK | |
r-devel-linux-x86_64-fedora-clang | 1.2 | 78.11 | OK | |||
r-devel-linux-x86_64-fedora-gcc | 1.2 | 78.59 | OK | |||
r-devel-macos-arm64 | 1.2 | 27.00 | OK | |||
r-devel-macos-x86_64 | 1.2 | 55.00 | OK | |||
r-devel-windows-x86_64 | 1.2 | 23.00 | 78.00 | 101.00 | OK | |
r-patched-linux-x86_64 | 1.2 | 19.96 | 27.05 | 47.01 | OK | |
r-release-linux-x86_64 | 1.2 | 18.47 | 26.90 | 45.37 | OK | |
r-release-macos-arm64 | 1.2 | 27.00 | NOTE | |||
r-release-macos-x86_64 | 1.2 | 52.00 | NOTE | |||
r-release-windows-x86_64 | 1.2 | 23.00 | 72.00 | 95.00 | OK | |
r-oldrel-macos-arm64 | 1.2 | 30.00 | NOTE | |||
r-oldrel-macos-x86_64 | 1.2 | 44.00 | NOTE | |||
r-oldrel-windows-x86_64 | 1.2 | 26.00 | 82.00 | 108.00 | OK |
Version: 1.2
Check: installed package size
Result: NOTE
installed size is 5.8Mb
sub-directories of 1Mb or more:
data 3.5Mb
libs 2.2Mb
Flavors: r-release-macos-arm64, r-release-macos-x86_64, r-oldrel-macos-arm64, r-oldrel-macos-x86_64