CRAN Package Check Results for Package ER

Last updated on 2025-02-21 05:50:42 CET.

Flavor Version Tinstall Tcheck Ttotal Status Flags
r-devel-linux-x86_64-debian-clang 1.1.1 11.37 91.36 102.73 NOTE
r-devel-linux-x86_64-debian-gcc 1.1.1 7.07 65.61 72.68 NOTE
r-devel-linux-x86_64-fedora-clang 1.1.1 161.00 OK
r-devel-linux-x86_64-fedora-gcc 1.1.1 153.53 OK
r-devel-macos-arm64 1.1.1 47.00 OK
r-devel-macos-x86_64 1.1.1 87.00 OK
r-devel-windows-x86_64 1.1.1 12.00 94.00 106.00 NOTE
r-patched-linux-x86_64 1.1.1 14.87 84.25 99.12 OK
r-release-linux-x86_64 1.1.1 9.95 82.83 92.78 OK
r-release-macos-arm64 1.1.1 48.00 OK
r-release-macos-x86_64 1.1.1 71.00 OK
r-release-windows-x86_64 1.1.1 12.00 93.00 105.00 OK
r-oldrel-macos-arm64 1.1.1 49.00 OK
r-oldrel-macos-x86_64 1.1.1 82.00 OK
r-oldrel-windows-x86_64 1.1.1 17.00 119.00 136.00 OK

Check Details

Version: 1.1.1
Check: Rd cross-references
Result: NOTE Found the following Rd file(s) with Rd \link{} targets missing package anchors: elastic.Rd: glmnet Please provide package anchors for all Rd \link{} targets not in the package itself and the base packages. Flavors: r-devel-linux-x86_64-debian-clang, r-devel-linux-x86_64-debian-gcc, r-devel-windows-x86_64