Last updated on 2025-02-19 05:50:30 CET.
Flavor | Version | Tinstall | Tcheck | Ttotal | Status | Flags |
---|---|---|---|---|---|---|
r-devel-linux-x86_64-debian-clang | 0.1.4 | 39.93 | 60.83 | 100.76 | OK | |
r-devel-linux-x86_64-debian-gcc | 0.1.4 | 30.96 | 44.16 | 75.12 | OK | |
r-devel-linux-x86_64-fedora-clang | 0.1.4 | 190.35 | OK | |||
r-devel-linux-x86_64-fedora-gcc | 0.1.4 | 176.22 | OK | |||
r-devel-macos-arm64 | 0.1.4 | 49.00 | OK | |||
r-devel-macos-x86_64 | 0.1.4 | 90.00 | OK | |||
r-devel-windows-x86_64 | 0.1.4 | 45.00 | 108.00 | 153.00 | OK | |
r-patched-linux-x86_64 | 0.1.4 | 40.01 | 56.01 | 96.02 | OK | |
r-release-linux-x86_64 | 0.1.4 | 39.88 | 56.54 | 96.42 | OK | |
r-release-macos-arm64 | 0.1.4 | 45.00 | NOTE | |||
r-release-macos-x86_64 | 0.1.4 | 72.00 | NOTE | |||
r-release-windows-x86_64 | 0.1.4 | 45.00 | 107.00 | 152.00 | OK | |
r-oldrel-macos-arm64 | 0.1.4 | 55.00 | NOTE | |||
r-oldrel-macos-x86_64 | 0.1.4 | 90.00 | NOTE | |||
r-oldrel-windows-x86_64 | 0.1.4 | 58.00 | 118.00 | 176.00 | OK |
Version: 0.1.4
Check: installed package size
Result: NOTE
installed size is 6.0Mb
sub-directories of 1Mb or more:
data 2.0Mb
libs 3.9Mb
Flavors: r-release-macos-arm64, r-release-macos-x86_64, r-oldrel-macos-arm64, r-oldrel-macos-x86_64