Last updated on 2025-02-21 05:50:41 CET.
Flavor | Version | Tinstall | Tcheck | Ttotal | Status | Flags |
---|---|---|---|---|---|---|
r-devel-linux-x86_64-debian-clang | 0.6-1 | 4.30 | 28.53 | 32.83 | NOTE | |
r-devel-linux-x86_64-debian-gcc | 0.6-1 | 2.63 | 21.01 | 23.64 | NOTE | |
r-devel-linux-x86_64-fedora-clang | 0.6-1 | 51.33 | NOTE | |||
r-devel-linux-x86_64-fedora-gcc | 0.6-1 | 49.49 | NOTE | |||
r-devel-macos-arm64 | 0.6-1 | 20.00 | NOTE | |||
r-devel-macos-x86_64 | 0.6-1 | 33.00 | NOTE | |||
r-devel-windows-x86_64 | 0.6-1 | 6.00 | 63.00 | 69.00 | NOTE | |
r-patched-linux-x86_64 | 0.6-1 | 4.36 | 27.19 | 31.55 | NOTE | |
r-release-linux-x86_64 | 0.6-1 | 3.64 | 26.89 | 30.53 | NOTE | |
r-release-macos-arm64 | 0.6-1 | 24.00 | NOTE | |||
r-release-macos-x86_64 | 0.6-1 | 33.00 | NOTE | |||
r-release-windows-x86_64 | 0.6-1 | 7.00 | 58.00 | 65.00 | NOTE | |
r-oldrel-macos-arm64 | 0.6-1 | 23.00 | OK | |||
r-oldrel-macos-x86_64 | 0.6-1 | 58.00 | OK | |||
r-oldrel-windows-x86_64 | 0.6-1 | 6.00 | 55.00 | 61.00 | OK |
Version: 0.6-1
Check: Rd files
Result: NOTE
checkRd: (-1) moranTest.Rd:37: Lost braces; missing escapes or markup?
37 | {M(theta)=-(log(y_1-y_0)+log(y_2-y_1)+...+log(y_m-y_m-1))}
| ^
Flavors: r-devel-linux-x86_64-debian-clang, r-devel-linux-x86_64-debian-gcc, r-devel-linux-x86_64-fedora-clang, r-devel-linux-x86_64-fedora-gcc, r-devel-macos-arm64, r-devel-macos-x86_64, r-devel-windows-x86_64, r-patched-linux-x86_64, r-release-linux-x86_64, r-release-macos-arm64, r-release-macos-x86_64, r-release-windows-x86_64