Last updated on 2025-02-21 05:50:40 CET.
Flavor | Version | Tinstall | Tcheck | Ttotal | Status | Flags |
---|---|---|---|---|---|---|
r-devel-linux-x86_64-debian-clang | 0.5.3 | 315.63 | 119.48 | 435.11 | OK | |
r-devel-linux-x86_64-debian-gcc | 0.5.3 | 262.93 | 102.06 | 364.99 | OK | |
r-devel-linux-x86_64-fedora-clang | 0.5.3 | 638.67 | OK | |||
r-devel-linux-x86_64-fedora-gcc | 0.5.3 | 847.07 | OK | |||
r-devel-macos-arm64 | 0.5.3 | 166.00 | OK | |||
r-devel-macos-x86_64 | 0.5.3 | 266.00 | OK | |||
r-devel-windows-x86_64 | 0.5.3 | 259.00 | 153.00 | 412.00 | OK | |
r-patched-linux-x86_64 | 0.5.3 | 359.76 | 133.95 | 493.71 | NOTE | |
r-release-linux-x86_64 | 0.5.3 | 347.15 | 134.93 | 482.08 | NOTE | |
r-release-macos-arm64 | 0.5.3 | 163.00 | NOTE | |||
r-release-macos-x86_64 | 0.5.3 | 220.00 | NOTE | |||
r-release-windows-x86_64 | 0.5.3 | 260.00 | 153.00 | 413.00 | NOTE | |
r-oldrel-macos-arm64 | 0.5.3 | 174.00 | NOTE | |||
r-oldrel-macos-x86_64 | 0.5.3 | 283.00 | NOTE | |||
r-oldrel-windows-x86_64 | 0.5.3 | 358.00 | 207.00 | 565.00 | NOTE |
Version: 0.5.3
Check: for GNU extensions in Makefiles
Result: NOTE
GNU make is a SystemRequirements.
Flavors: r-patched-linux-x86_64, r-release-linux-x86_64, r-release-macos-arm64, r-release-macos-x86_64, r-release-windows-x86_64, r-oldrel-macos-arm64, r-oldrel-macos-x86_64, r-oldrel-windows-x86_64
Version: 0.5.3
Check: installed package size
Result: NOTE
installed size is 84.0Mb
sub-directories of 1Mb or more:
libs 83.6Mb
Flavors: r-release-macos-arm64, r-release-macos-x86_64, r-oldrel-macos-arm64, r-oldrel-macos-x86_64