Last updated on 2025-02-21 05:50:40 CET.
Flavor | Version | Tinstall | Tcheck | Ttotal | Status | Flags |
---|---|---|---|---|---|---|
r-devel-linux-x86_64-debian-clang | 0.1.2 | 2.85 | 26.11 | 28.96 | OK | |
r-devel-linux-x86_64-debian-gcc | 0.1.2 | 1.87 | 20.54 | 22.41 | OK | |
r-devel-linux-x86_64-fedora-clang | 0.1.2 | 50.06 | OK | |||
r-devel-linux-x86_64-fedora-gcc | 0.1.2 | 42.77 | OK | |||
r-devel-macos-arm64 | 0.1.2 | 19.00 | OK | |||
r-devel-macos-x86_64 | 0.1.2 | 28.00 | OK | |||
r-devel-windows-x86_64 | 0.1.2 | 4.00 | 46.00 | 50.00 | OK | |
r-patched-linux-x86_64 | 0.1.2 | 2.70 | 24.53 | 27.23 | NOTE | |
r-release-linux-x86_64 | 0.1.2 | 2.36 | 24.84 | 27.20 | NOTE | |
r-release-macos-arm64 | 0.1.2 | 18.00 | NOTE | |||
r-release-macos-x86_64 | 0.1.2 | 26.00 | NOTE | |||
r-release-windows-x86_64 | 0.1.2 | 4.00 | 64.00 | 68.00 | NOTE | |
r-oldrel-macos-arm64 | 0.1.2 | 18.00 | NOTE | |||
r-oldrel-macos-x86_64 | 0.1.2 | 24.00 | NOTE | |||
r-oldrel-windows-x86_64 | 0.1.2 | 4.00 | 53.00 | 57.00 | NOTE |
Version: 0.1.2
Check: LazyData
Result: NOTE
'LazyData' is specified without a 'data' directory
Flavors: r-patched-linux-x86_64, r-release-linux-x86_64, r-release-macos-arm64, r-release-macos-x86_64, r-release-windows-x86_64, r-oldrel-macos-arm64, r-oldrel-macos-x86_64, r-oldrel-windows-x86_64