CRAN Package Check Results for Package BGGE

Last updated on 2025-02-21 05:50:38 CET.

Flavor Version Tinstall Tcheck Ttotal Status Flags
r-devel-linux-x86_64-debian-clang 0.6.5 2.03 24.18 26.21 OK
r-devel-linux-x86_64-debian-gcc 0.6.5 1.61 19.71 21.32 OK
r-devel-linux-x86_64-fedora-clang 0.6.5 41.56 OK
r-devel-linux-x86_64-fedora-gcc 0.6.5 42.86 OK
r-devel-macos-arm64 0.6.5 19.00 OK
r-devel-macos-x86_64 0.6.5 43.00 OK
r-devel-windows-x86_64 0.6.5 3.00 46.00 49.00 OK
r-patched-linux-x86_64 0.6.5 1.70 24.81 26.51 NOTE
r-release-linux-x86_64 0.6.5 1.97 24.69 26.66 NOTE
r-release-macos-arm64 0.6.5 24.00 NOTE
r-release-macos-x86_64 0.6.5 45.00 NOTE
r-release-windows-x86_64 0.6.5 3.00 45.00 48.00 NOTE
r-oldrel-macos-arm64 0.6.5 18.00 NOTE
r-oldrel-macos-x86_64 0.6.5 27.00 NOTE
r-oldrel-windows-x86_64 0.6.5 3.00 49.00 52.00 NOTE

Check Details

Version: 0.6.5
Check: LazyData
Result: NOTE 'LazyData' is specified without a 'data' directory Flavors: r-patched-linux-x86_64, r-release-linux-x86_64, r-release-macos-arm64, r-release-macos-x86_64, r-release-windows-x86_64, r-oldrel-macos-arm64, r-oldrel-macos-x86_64, r-oldrel-windows-x86_64