Last updated on 2025-02-21 05:50:37 CET.
Flavor | Version | Tinstall | Tcheck | Ttotal | Status | Flags |
---|---|---|---|---|---|---|
r-devel-linux-x86_64-debian-clang | 2.0 | 4.20 | 71.03 | 75.23 | NOTE | |
r-devel-linux-x86_64-debian-gcc | 2.0 | 2.96 | 55.71 | 58.67 | NOTE | |
r-devel-linux-x86_64-fedora-clang | 2.0 | 120.71 | NOTE | |||
r-devel-linux-x86_64-fedora-gcc | 2.0 | 135.51 | NOTE | |||
r-devel-macos-arm64 | 2.0 | 56.00 | NOTE | |||
r-devel-macos-x86_64 | 2.0 | 108.00 | NOTE | |||
r-devel-windows-x86_64 | 2.0 | 10.00 | 100.00 | 110.00 | NOTE | |
r-patched-linux-x86_64 | 2.0 | 4.16 | 67.56 | 71.72 | NOTE | |
r-release-linux-x86_64 | 2.0 | 2.62 | 67.90 | 70.52 | NOTE | |
r-release-macos-arm64 | 2.0 | 54.00 | NOTE | |||
r-release-macos-x86_64 | 2.0 | 82.00 | NOTE | |||
r-release-windows-x86_64 | 2.0 | 9.00 | 99.00 | 108.00 | NOTE | |
r-oldrel-macos-arm64 | 2.0 | 57.00 | NOTE | |||
r-oldrel-macos-x86_64 | 2.0 | 75.00 | NOTE | |||
r-oldrel-windows-x86_64 | 2.0 | 8.00 | 114.00 | 122.00 | NOTE |
Version: 2.0
Check: Rd files
Result: NOTE
checkRd: (-1) AncestryMapper2.0-package.Rd:33: Escaped LaTeX specials: \~
checkRd: (-1) AncestryMapper2.0-package.Rd:38: Escaped LaTeX specials: \~
Flavors: r-devel-linux-x86_64-debian-clang, r-devel-linux-x86_64-debian-gcc, r-devel-linux-x86_64-fedora-clang, r-devel-linux-x86_64-fedora-gcc, r-devel-macos-arm64, r-devel-macos-x86_64, r-devel-windows-x86_64, r-patched-linux-x86_64, r-release-linux-x86_64, r-release-macos-arm64, r-release-macos-x86_64, r-release-windows-x86_64, r-oldrel-macos-arm64, r-oldrel-macos-x86_64, r-oldrel-windows-x86_64